lue of -26 + 9 + 31 - 17?
-3
Evaluate 53 - (-4 - -31 - -1).
25
What is the value of 27 + (-24 - -4) + -12?
-5
What is the value of (21 - 5) + -2 - -2 - (7 - 10)?
19
Calculate (2 - (19 + 1)) + (-12 - (-43 + 32)).
-19
Calculate -10 - ((59 - 48) + 0 + -10).
-11
What is the value of 11 - ((30 - 7) + -25)?
13
Calculate -3 + 6 + (-26 - (-3 - 1)) - -6.
-13
Evaluate -22 + -2 - (-151 + 107).
20
What is the value of 1 + -3 - -4 - (7 - (-7 - -12))?
0
What is the value of -10 + 5 + -11 + 11 + (1 - -15)?
11
Calculate -3 + 4 + -6 + -2 + 4 + 6.
3
-8 - (-1 + 3) - (-9 + -27 - -19)
7
-8 + (60 + -59 - (12 + 4))
-23
Calculate 79 - (57 + -13) - (17 - 0).
18
Evaluate (-3 - -1) + (-9 - (-7 + (-10 - -7))).
-1
What is 9 + (-20 - (21 - 18))?
-14
What is the value of (2 - 13) + (-8 - (-8 + -5)) - 11?
-17
Calculate -10 + 3 + -10 + 3.
-14
Evaluate -2 + (6 + -28 - -14).
-10
0 + (0 + 5 - 0) + 2 + -4
3
Evaluate (2 - -3) + -17 + -10 + 2 + 4.
-16
Calculate -78 - -64 - (-20 + 0).
6
Evaluate 0 + 46 + 2214 + -2248.
12
Calculate (7 + -32 - -19) + -2 + 2 + -4.
-10
Evaluate 265 + -248 - (-3 - -1).
19
-6 - (10 + -5 + -9 - -11)
-13
What is (2 - 11) + 2 + (-17 - (-26 + 11))?
-9
-40 + (18 - 3 - -10) + -11
-26
Evaluate 9 + -6 + -2 + 9 + -40 + -1.
-31
Calculate -29 - (-1 + -2 + 2) - (72 + -65).
-35
What is -4 - 2 - (-133 + 146)?
-19
Calculate -64 + 77 + (-2 - -2).
13
Calculate (-8 + 0 - 11) + (9 - 5).
-15
9 + (-13 + 6 - -7)
9
Calculate 2 + (-26 - (-1 + -1 + 3)).
-25
1 + -40 - (117 - 129)
-27
Calculate 15 - (33 - (-12 + 22)).
-8
-3 + -3 + (-8 - (4 + -8) - -4)
-6
What is 7 + (-4 - (11 - 4)) + -1?
-5
What is -1 + -4 + -1 + (-8 - -14) - 1?
-1
25 + 0 + (-2 + 11 - 18) + 3
19
Evaluate 14 + (-5 - (21 - 6)).
-6
Calculate 3 + (9 - (32 - 6)).
-14
(2 + -17 - -1) + -5 + 4 + 1
-14
Evaluate 1 + -4 - (-131 - -116) - 1.
11
Evaluate (-8 - -6) + 7 + -5 + 6 + 0.
6
10 - (-10 + 1 + (-19 - -22 - -4))
12
Evaluate -12 + (-3 - -9) + (2 - -4) + 24.
24
What is (-25 - 0) + 400 + -390?
-15
Calculate 1 + 10 + 3 + (21 - (43 - 27)).
19
What is (5 - 3 - 5) + 5 + 3?
5
What is (7 - (3 + 2)) + 5 + -9?
-2
What is the value of (-86 - -47) + (4 - (-8 + 0))?
-27
What is the value of 9 + -2 - (-7 - (28 - 76))?
-34
(2 - -13) + (-20 - -13) + 8
16
What is -15 - (-3 + 0 - 10)?
-2
Calculate -18 + 45 + (12 - 27).
12
Calculate -25 + 0 + (11 - -29) + -36.
-21
Evaluate (53 - 59) + -8 - (2 - (0 + -1)).
-17
What is -1 - (2 + -23) - (-4169 + 4195)?
-6
Calculate (-42 - -30 - -27) + -19.
-4
Evaluate -25 + 87 + -50 + 16.
28
Evaluate -4 + -3 + 13 + -17 + 4 + 0.
-7
What is 0 + -31 + 0 + -11 + 4 + 6?
-32
(0 - -10) + -2 - ((27 - -21) + -15)
-25
What is the value of -4 - (-14 + 1) - 20?
-11
What is -18 + (43 - 24) - (0 - -2 - 0)?
-1
What is the value of (-12 - (2 + -5)) + (18 - (16 + 1))?
-8
Calculate 15 + 2 + -5 - 6 - (2 - 4).
8
Evaluate -11 - -1 - (-6 + 3) - (15 - 16).
-6
Calculate (8 - 12) + 14 + -14 - (0 + 2).
-6
Calculate 1 - (5 + 8) - (-6 - (-4 + 0)).
-10
What is the value of -16 + 8 + -7 + (12 - -5)?
2
Evaluate -6 + -13 + 13 - 0 - (1 + -19).
12
-5 + -9 + 9 + 8 - (14 - 2)
-9
Evaluate 10 - (-13 - (-11 + -16)).
-4
What is 1 - -5 - (45 + -37) - 6?
-8
6 - 1 - ((9 - (10 + -8)) + -3)
1
What is the value of -3 + -10 + (36 - 54)?
-31
What is (6 - -6 - 10) + (-7 - -4)?
-1
What is 0 - ((-1 - 4) + -1) - (-1 + 5)?
2
Evaluate (-39 + 48 - 8) + -2 + -4.
-5
66 + -62 - (11 + -1) - 2
-8
What is the value of 16 + -21 + 4 - (-4 + 12)?
-9
What is the value of (-15 + -15 + 7 - -17) + 5?
-1
Evaluate -5 + 9 - 9 - (18 - 27).
4
Calculate (-25 - -1) + (-248 - -290).
18
(415 - 409) + (11 - 1)
16
What is the value of 8 - (-10 + -8 + 13 - (3 - 0))?
16
What is the value of -12 + (-19 - -10 - (1 + 0)) + 2?
-20
What is (14 - 13) + (7 - (19 - 8))?
-3
Evaluate (2 + (0 - 1) - (-9 - -17)) + 4.
-3
Evaluate -11 - (37 - 10) - -58.
20
What is -13 + (45 + -11 - 17)?
4
Calculate (-28 - 1) + (81 - 63).
-11
Calculate (-1909 - -1906) + (1 - -32).
30
What is the value of (3 - (-6 + 8 + -10)) + -6?
5
What is the value of -2 + (5 - (1 - (-6 + -11)))?
-15
Evaluate -10 + (11 - -8 - (16 - 2)).
-5
Calculate 12 - (12 - (11 - 9)).
2
What is the value of -6 + -1 + (0 - (3 + -7)) + 4?
1
What is the value of -1 - (-1 - (-21 + 11))?
-10
What is (-5 - (2 + -5)) + 1 - (-65 + 46)?
18
What is (0 - 11 - -15) + -9?
-5
(12 - -1) + (4 - 16 - -5)
6
What is 33 + (-1 + -2 - (27 + -30)) + -7?
26
Evaluate -7 - (-7 + -3) - 8.
-5
What is (-63 - -156 - 82) + -7 + -1?
3
What is 22 + (2 - 11) + 0?
13
Evaluate -1 + 20 - (6 - (-6 + (-5 - -12))).
14
15 - 8 - -17 - 6
18
What is 85 + -85 - (2 - -6) - 1?
-9
Evaluate 140 + -144 + (2 - 9).
-11
Evaluate (9 - (-7 - -3 - -19)) + -1.
-7
-9 + 1 - ((-53 - -36) + -26 + 1)
34
1 + 0 - (-1027 + 1044)
-16
What is 12 - (23 + -20 + (1 - 23))?
31
What is -1 + -9 + 0 + -2?
-12
Calculate 1 + 4 - (-7 - -4) - 29.
-21
Evaluate (-20 - -26) + -3 + -3 - (-1 + 0).
1
Calculate (8 - 7) + -12 + 9 - 14.
-16
Calculate 2 + -4 - -13 - (-42 - -66 - 14).
1
What is -13 - 1 - ((10 - 59) + 32)?
3
Evaluate 2 + (0 - 1 - (2 - (-4 - 6))).
-11
9 + (-4 - 1) + -9 + 7 - 6
-4
Evaluate (-114 - -142) + -30 + -1.
-3
Calculate 3 + -3 + 2 + (-4 + 4 - -5).
7
Evaluate (3 - (-1 + -2)) + 1 + -8 + 5.
4
Calculate -11 + 1 + (14 - -19) + 7.
30
What is 4 + (-7 - -1) + 8 + -2 - 3?
1
What is the value of (3 - -1 - 15) + 11?
0
Calculate 4 + 1 + -3 + -14 + 7.
-5
Calculate 1 + 14 - 0 - 0.
15
What is 7 + (24 - 9) + 2?
24
-15 - 1 - ((5 - -6) + -18)
-9
Evaluate -39 + 38 - (13 - (6 - 3)) - 11.
-22
What is the value of -1 + 1 + -10 + 15 + -1?
4
-16 + 5 + (-3 - -24)
10
Evaluate -1 - 0 - (-3 + 1 - (-548 + 556)).
9
Evaluate 20 + -7 + (3 + 1 - -4 - -2).
23
What is (-3 - -23 - 9) + (-14 - -4)?
1
Evaluate 16 - (-7 - 1 - (142 - 157)).
9
Evaluate -21 + 62 - (17 - -11).
13
Evaluate (-7 - -11 - 2) + -4 + (-6 - -5).
-3
What is the value of (-9 - (2 + -6)) + 7 + -6?
-4
Calculate 1 + 0 + -31 - ((-44 - 92) + 126).
-20
(0 - -2) + -23 + 26 + -24
-19
What is (9 - 0) + -23 + 12 + 6?
4
Calculate -14 + 4 + (-2 - (4 + 3)).
-19
What is (1 - -5) + 30 + -3 - (-6 + 12)?
27
What is 2 + (10 - (2 - -3)) + 3?
10
(-640 - -653) + 2 + 2
17
Calculate -6 + 0 + 2 + (203 - 199).
0
-4 - ((10 - -1) + -15 + 6)
-6
Calculate -309 + 245 - (-1 - 38).
-25
Evaluate (-19 + 11 - -5) + (14 - (-2 + 4)).
9
Evaluate 13 + -16 + (0 - -8).
5
Evaluate 102 + -98 + (0 - 14).
-10
What is -8 + (-3 - (10 + -32)) - 35?
-24
-1 + (5 + -9 - 0) + -1 + 26
20
What is the value of (16 + -3 - -48) + -34?
27
(-8 - (1 + -3)) + (952 - 965)
-19
What is -10 + 11 + (2 + -1 - -7) + 0?
9
Evaluate 32 + (-15 + 10 - 2).
25
What is the value of 43 + -28 - (0 + 14)?
1
Evaluate 40 - ((-6 - -13) + 22).
11
What is 0 + -3 - (-6 + (-11 - 5) + 5)?
14
Calculate (12 - (5 - (11 - 40))) + 0.
-22
Evaluate -7 + 20 + (2 - 6) + -3 + 2.
8
Calculate (57 - 99 - -28) + 5 + 2.
-7
Evaluate -9 + -1 + 21 + (-14 - -2).
-1
What is 14 - (-14 + (26 - 17))?
19
Calculate 1 + (-11 + 2 + 2 - (53 - 54)).
-5
Calculate 0 - (-5 - (0 - 5) - 3) - -9.
12
Calculate 5 + -1 + 3 + (-11 - -1).
-3
Evaluate (-11 - 0) + 5 - -9 - -7.
10
Evaluate (-5 + 3 - (16 - 10)) + (1 - 8).
-15
14 + -11 + (-18 - -2) - (13 + -1)
-25
Evaluate -8 + 15 + (5 - (2 - -2)) + -10.
-2
What is 13 + (0 - (12 + -8)) + 3 - 1?
11
(-10 - -2) + 1 + 0
-7
Evaluate -178 + 176 - (1 + -3 - -11).
-11
What is the value of -18 + 41 + -7 - (1 + 2 + 0)?
13
What is 6 + 5 + -36 - 6 - -6?
-25
What is the value of 1 + -8 + (-4 - 8 - -11)?
-8
Calculate 12 - ((12 - -9) + -12).
3
(-2 - -35) + -17 + -3
13
What is 27 + (-17 - -19) - (1 + -3)?
31
Evaluate (1 + -3 - 19) + (205 - 198).
-14
What is the value of -8 + 1 + 0 + (1 - 3)?
-9
Calculate (0 + -7 - (0 + -15 + 16)) + 4.
-4
(13 - -2) + -10 + 5
10
Calculate 1 + (7 - -16) - 8.
16
Calculate (22 - 13) + -22 + -1.
-14
(-30 - -40 - -23) + -23
10
Calculate -3 + (3 - -3) - (11 + (-3 - 27)).
22
Evaluate (6 - -15) + 0 - 11 - (-14 + -2).
26
What is (-15 - -11) + (2 - 0) + -13?
-15
(0 - -12 - 5) + (-1 - -10)
16
What is the value of 21 - (1 + 9 + (-7 - -9))?
9
-20 + -5 + (0 - (2 + 14))
-41
What is the value of -28 + (46 + 12 - 27)?
3
Evaluate -4 + (12 - 11) + (2 - 4) + 12.
7
What is the value of -20 + 5 - 5 - -9?
-11
What is 10 + -8 + -14 + 1 + -91 + 98?
-4
Calculate (-7 - (-10 - 5)) + -17 + 13.
4
What is (-7 - 2 - (3 + (0 - 9))) + -4?
-7
9 + 11 + -23 + 1
-2
What is -22 + (-